{"id":133,"date":"2016-05-22T12:23:48","date_gmt":"2016-05-22T12:23:48","guid":{"rendered":"http:\/\/projectx.dela0.ro\/?page_id=133"},"modified":"2016-05-24T07:52:40","modified_gmt":"2016-05-24T07:52:40","slug":"despre","status":"publish","type":"page","link":"https:\/\/ferentari.dela0.ro\/index.php\/despre\/","title":{"rendered":"Despre proiect"},"content":{"rendered":"<p><strong>&#8222;Ferentari Lux&#8221;<\/strong> este un proiect jurnalistic documentat \u0219i publicat de <a href=\"http:\/\/www.dela0.ro\/\" target=\"_blank\"><strong>Dela0.ro<\/strong><\/a>, a c\u0103rui lansare a avut loc pe 23 mai 2016.<\/p>\n<p>Derulat de-a lungul a \u0219ase luni de zile, \u00a0proiectul \u00ee\u0219i propune s\u0103 urm\u0103reasc\u0103 \u0219i s\u0103 descrie traiul unor comunit\u0103\u021bi din Bucure\u0219ti lipsite de acces (ori cu acces precar \/ ilegal) la utilit\u0103\u021bi publice.<\/p>\n<p>Problema pe care am identificat-o e expus\u0103 sumar <strong><a href=\"http:\/\/ferentari.dela0.ro\/index.php\/problema\/\" target=\"_blank\">AICI<\/a><\/strong>.<\/p>\n<p>Titlul proiectului nostru e un joc de cuvinte, jum\u0103tate paradoxal, jum\u0103tate ironic. Luxul e o unitate de m\u0103sur\u0103 a ilumin\u0103rii. &#8222;S\u0103 se fac\u0103 lumin\u0103!&#8221; \u00een Ferentari d\u0103 \u00eens\u0103 \u0219i m\u0103sura unui efort de a \u00een\u021belege: f\u0103r\u0103 utilit\u0103\u021bi publice, oamenii tot achit\u0103 o factur\u0103, una infinit mai scump\u0103 pentru \u00eentreaga societate. O &#8222;c\u0103l\u0103torie&#8221; prin vie\u021bile acestor oameni pare una \u00een trecut, dar de fapt e \u00een viitor. &#8222;Ferentari Lux&#8221; poate s\u0103 \u00eensemne, \u00een ultim\u0103 instan\u021b\u0103, c\u0103 nu ne putem permite luxul de a-i ignora.<\/p>\n<p>P\u00e2n\u0103 \u00een luna decembrie 2016 public\u0103m la fiecare 5-6 s\u0103pt\u0103m\u00e2ni reportaje ample, care vor \u00eentoarce problema pe toate fe\u021bele. \u00centre documentarele scrise vom avea serii foto \u0219i video. P\u0103str\u0103m \u0219i c\u00e2teva surprize pentru final.<\/p>\n<p>Proiectul publicistic este posibil datorit\u0103 sus\u021binerii financiare acordate de compania <strong>Enel<\/strong>. Echipa Dela0.ro e responsabil\u0103 de produsul jurnalistic sub toate aspectele sale, de la alegerea subiectelor \u0219i a unghiurilor de abordare, p\u00e2n\u0103 la documentare, editare \u0219i publicare.<\/p>\n<p>Suntem\u00a0<strong>Vlad Stoicescu<\/strong> (<em>editor coordonator<\/em>); <strong>Diana Oncioiu<\/strong>, <strong>Oana Dan<\/strong> \u0219i <strong>Andrei Cr\u0103ciun<\/strong>\u00a0(<em>reporteri)<\/em>; <strong>Silviu Panaite<\/strong> \u0219i <strong>Zora Iuga<\/strong>\u00a0(<em>fotoreporter<\/em>i); \u0219i <strong>Mihai Dragolea<\/strong>\u00a0(<em>video<\/em>).<\/p>\n<p>Logo-ul &#8222;Ferentari Lux&#8221; a fost realizat de <strong>Andreea Dobranici<\/strong>.<\/p>\n","protected":false},"excerpt":{"rendered":"<p>&#8222;Ferentari Lux&#8221; este un proiect jurnalistic documentat \u0219i publicat de Dela0.ro, a c\u0103rui lansare a avut loc pe 23 mai 2016. Derulat de-a lungul a \u0219ase luni de zile, \u00a0proiectul \u00ee\u0219i propune s\u0103 urm\u0103reasc\u0103 \u0219i s\u0103 descrie traiul unor comunit\u0103\u021bi din Bucure\u0219ti lipsite de acces (ori cu acces precar \/ ilegal) la utilit\u0103\u021bi publice. Problema [&hellip;]<\/p>\n","protected":false},"author":1,"featured_media":0,"parent":0,"menu_order":0,"comment_status":"closed","ping_status":"closed","template":"","meta":{"jetpack_post_was_ever_published":false,"footnotes":""},"class_list":["post-133","page","type-page","status-publish","hentry"],"jetpack_shortlink":"https:\/\/wp.me\/P7Ov1r-29","jetpack_sharing_enabled":true,"_links":{"self":[{"href":"https:\/\/ferentari.dela0.ro\/index.php\/wp-json\/wp\/v2\/pages\/133","targetHints":{"allow":["GET"]}}],"collection":[{"href":"https:\/\/ferentari.dela0.ro\/index.php\/wp-json\/wp\/v2\/pages"}],"about":[{"href":"https:\/\/ferentari.dela0.ro\/index.php\/wp-json\/wp\/v2\/types\/page"}],"author":[{"embeddable":true,"href":"https:\/\/ferentari.dela0.ro\/index.php\/wp-json\/wp\/v2\/users\/1"}],"replies":[{"embeddable":true,"href":"https:\/\/ferentari.dela0.ro\/index.php\/wp-json\/wp\/v2\/comments?post=133"}],"version-history":[{"count":8,"href":"https:\/\/ferentari.dela0.ro\/index.php\/wp-json\/wp\/v2\/pages\/133\/revisions"}],"predecessor-version":[{"id":270,"href":"https:\/\/ferentari.dela0.ro\/index.php\/wp-json\/wp\/v2\/pages\/133\/revisions\/270"}],"wp:attachment":[{"href":"https:\/\/ferentari.dela0.ro\/index.php\/wp-json\/wp\/v2\/media?parent=133"}],"curies":[{"name":"wp","href":"https:\/\/api.w.org\/{rel}","templated":true}]}}